{"id":54,"date":"2024-11-06T20:14:04","date_gmt":"2024-11-06T19:14:04","guid":{"rendered":"https:\/\/www.moisdesnoirslanaudiere.org\/?page_id=54"},"modified":"2025-02-03T02:31:48","modified_gmt":"2025-02-03T01:31:48","slug":"les-laureats","status":"publish","type":"page","link":"https:\/\/www.moisdesnoirslanaudiere.org\/index.php\/les-laureats\/","title":{"rendered":"Les laur\u00e9ats"},"content":{"rendered":"\n<div class=\"wp-block-media-text is-stacked-on-mobile\" style=\"grid-template-columns:40% auto\"><figure class=\"wp-block-media-text__media\"><img loading=\"lazy\" decoding=\"async\" width=\"402\" height=\"474\" src=\"https:\/\/www.moisdesnoirslanaudiere.org\/wp-content\/uploads\/2025\/02\/Richard-Laubert.png\" alt=\"\" class=\"wp-image-265 size-full\" srcset=\"https:\/\/www.moisdesnoirslanaudiere.org\/wp-content\/uploads\/2025\/02\/Richard-Laubert.png 402w, https:\/\/www.moisdesnoirslanaudiere.org\/wp-content\/uploads\/2025\/02\/Richard-Laubert-254x300.png 254w\" sizes=\"auto, (max-width: 402px) 100vw, 402px\" \/><\/figure><div class=\"wp-block-media-text__content\">\n<p class=\"has-text-align-center\"><strong>Richard Laubonet<\/strong><\/p>\n\n\n\n<p>Richard Laubonet de son vrai nom un coach passionn\u00e9 et dynamique. Fort d&#8217;une solide exp\u00e9rience dans le domaine du fitness et d&#8217;une approche personnalis\u00e9e, Richard est d\u00e9di\u00e9 \u00e0 aider chacun de ses warriors (comme il aime bien les appeler) \u00e0 atteindre leurs objectifs de forme physique, de bien-\u00eatre et de sant\u00e9 mentale, \u00e0 travers de joyeuses chor\u00e9graphies de danses d\u2019origine Africaine cardio et musculaires.<\/p>\n\n\n\n<p>Avec plusieurs formations et des certifications en coaching, Richard ma\u00eetrise une vari\u00e9t\u00e9 de techniques d&#8217;entra\u00eenement, allant de la musculation \u00e0 l&#8217;entra\u00eenement fonctionnel. Son approche se base sur la compr\u00e9hension des besoins uniques de chaque individu, ce qui lui permet de concevoir des programmes adapt\u00e9s motivants joyeux et dynamique d`o\u00f9 le concept Djamboola fitness.<\/p>\n\n\n\n<p><\/p>\n\n\n\n<p><\/p>\n<\/div><\/div>\n\n\n\n<div class=\"wp-block-media-text is-stacked-on-mobile\" style=\"grid-template-columns:40% auto\"><figure class=\"wp-block-media-text__media\"><img loading=\"lazy\" decoding=\"async\" width=\"414\" height=\"597\" src=\"https:\/\/www.moisdesnoirslanaudiere.org\/wp-content\/uploads\/2025\/02\/Ashey.png\" alt=\"\" class=\"wp-image-267 size-full\" srcset=\"https:\/\/www.moisdesnoirslanaudiere.org\/wp-content\/uploads\/2025\/02\/Ashey.png 414w, https:\/\/www.moisdesnoirslanaudiere.org\/wp-content\/uploads\/2025\/02\/Ashey-208x300.png 208w\" sizes=\"auto, (max-width: 414px) 100vw, 414px\" \/><\/figure><div class=\"wp-block-media-text__content\">\n<p class=\"has-text-align-center\"><strong>Ashley Maureen Simo Metietze<\/strong><\/p>\n\n\n\n<p>Ashley Maureen Simo Metietze est une jeune artiste d\u2019origine camerounaise ayant immigr\u00e9 au Qu\u00e9bec \u00e0 l\u2019\u00e2ge de deux ans. Elle est passionn\u00e9e par l\u2019art depuis son plus jeune \u00e2ge, mais c\u2019est seulement lorsqu\u2019elle est \u00e2g\u00e9e de 10 ans qu\u2019elle d\u00e9bute ses premiers cours de peinture: elle d\u00e9veloppe alors ce qui deviendra sa passion. En tant que jeune femme Afro-canadienne, Ashley s\u2019est naturellement dirig\u00e9e vers des \u0153uvres repr\u00e9sentant des femmes noires. \u00c0 ses yeux, la femme noire est si complexe et color\u00e9e, mais malheureusement peu repr\u00e9sent\u00e9e. \u00c0 travers ses cr\u00e9ations, Ashley souhaitent repr\u00e9senter la femme noire sous un tout autre angle. Elle sait que sa communaut\u00e9 est plus qu\u2019une minorit\u00e9 sous-repr\u00e9sent\u00e9e; c\u2019est une communaut\u00e9 compos\u00e9e d\u2019individus qui vivent toutes sortes d\u2019\u00e9motions et qui traversent toutes sortes de p\u00e9riodes de la mani\u00e8re la plus belle qui soit.<\/p>\n<\/div><\/div>\n\n\n\n<div class=\"wp-block-columns is-layout-flex wp-container-core-columns-is-layout-9d6595d7 wp-block-columns-is-layout-flex\">\n<div class=\"wp-block-column is-layout-flow wp-block-column-is-layout-flow\"><\/div>\n\n\n\n<div class=\"wp-block-column is-layout-flow wp-block-column-is-layout-flow\"><\/div>\n\n\n\n<div class=\"wp-block-column is-layout-flow wp-block-column-is-layout-flow\"><\/div>\n<\/div>\n\n\n\n<div class=\"wp-block-media-text is-stacked-on-mobile\" style=\"grid-template-columns:41% auto\"><figure class=\"wp-block-media-text__media\"><img loading=\"lazy\" decoding=\"async\" width=\"372\" height=\"540\" src=\"https:\/\/www.moisdesnoirslanaudiere.org\/wp-content\/uploads\/2025\/02\/ferland.png\" alt=\"\" class=\"wp-image-268 size-full\" srcset=\"https:\/\/www.moisdesnoirslanaudiere.org\/wp-content\/uploads\/2025\/02\/ferland.png 372w, https:\/\/www.moisdesnoirslanaudiere.org\/wp-content\/uploads\/2025\/02\/ferland-207x300.png 207w\" sizes=\"auto, (max-width: 372px) 100vw, 372px\" \/><\/figure><div class=\"wp-block-media-text__content\">\n<p class=\"has-text-align-center\"><strong>Carole Ferland <\/strong><\/p>\n\n\n\n<p>J\u2019ai d\u00e9but\u00e9 ma carri\u00e8re chez Moisson Lanaudi\u00e8re et au Conseil r\u00e9gional de d\u00e9veloppement de Lanaudi\u00e8re, anc\u00eatre des Centres locaux de d\u00e9veloppement et de la Table des pr\u00e9fets. C\u2019est ainsi que mon attachement envers ma r\u00e9gion s\u2019est soud\u00e9.<\/p>\n\n\n\n<p>Puis, apr\u00e8s 10 ann\u00e9es au sein du minist\u00e8re de la S\u00e9curit\u00e9 publique dans le milieu carc\u00e9ral, je suis revenue sur les terres lanaudoises, notamment chez Lanaudi\u00e8re \u00c9conomique, comme adjointe administrative et \u00e0 la Commission scolaire des Samares, \u00e0 titre d\u2019enseignante en formation professionnelle.<\/p>\n\n\n\n<p>Au Carrefour jeunesse-emploi de D\u2019Autray-Joliette depuis 2019, d\u2019abord avec Contact Lanaudi\u00e8re puis avec FORUM, j\u2019ai la chance in\u00e9narrable, chaque jour, avec la force et la r\u00e9silience de nos jeunes issu.e.s de partout, de les c\u00f4toyer, de d\u00e9couvrir avec eux leur histoire, la richesse et la joie qu\u2019ils apportent dans ma vie et je me sens tr\u00e8s privil\u00e9gi\u00e9e.<\/p>\n\n\n\n<p><\/p>\n\n\n\n<p><\/p>\n<\/div><\/div>\n\n\n\n<div class=\"wp-block-media-text is-stacked-on-mobile\" style=\"grid-template-columns:41% auto\"><figure class=\"wp-block-media-text__media\"><img loading=\"lazy\" decoding=\"async\" width=\"261\" height=\"418\" src=\"https:\/\/www.moisdesnoirslanaudiere.org\/wp-content\/uploads\/2025\/02\/vanessa.png\" alt=\"\" class=\"wp-image-269 size-full\" srcset=\"https:\/\/www.moisdesnoirslanaudiere.org\/wp-content\/uploads\/2025\/02\/vanessa.png 261w, https:\/\/www.moisdesnoirslanaudiere.org\/wp-content\/uploads\/2025\/02\/vanessa-187x300.png 187w\" sizes=\"auto, (max-width: 261px) 100vw, 261px\" \/><\/figure><div class=\"wp-block-media-text__content\">\n<p class=\"has-text-align-center\"><strong>Vanessa Pierre-Louis<\/strong><\/p>\n\n\n\n<p>Impliqu\u00e9e dans la r\u00e9gion de Lanaudi\u00e8re aupr\u00e8s de la jeunesse, Mme Vanessa Pierre-Louis s&#8217;investit activement dans sa communaut\u00e9 pour combattre les iniquit\u00e9s sociales et, surtout, pour encourager le pouvoir d&#8217;action des jeunes de la r\u00e9gion.<\/p>\n\n\n\n<p>Son parcours lui a permis de d\u00e9velopper des connaissances approfondies dans le domaine du d\u00e9veloppement de l\u2019enfance et de l\u2019adolescence. Elle a enrichi son approche en int\u00e9grant les arts pour faciliter l&#8217;expression de soi, renforcer le sentiment d&#8217;appartenance et provoquer un changement positif.<\/p>\n\n\n\n<p>En milieu scolaire comme en milieu communautaire, Mme Pierre-Louis innove constamment pour soutenir la jeunesse et l&#8217;aider \u00e0 trouver sa place. Partenariats avec des collaborateurs inspirants, cr\u00e9ation d\u2019ateliers \u00e9ducatifs, et projets cr\u00e9atifs innovants : \u00ab Cr\u00e9er pour crier \u00bb est la devise qui guide chacune de ses actions.<\/p>\n\n\n\n<p>Par son engagement profond pour l&#8217;\u00e9galit\u00e9 et l&#8217;inclusion, elle aspire \u00e0 inspirer et \u00e0 mobiliser les jeunes pour construire un avenir meilleur.<\/p>\n<\/div><\/div>\n","protected":false},"excerpt":{"rendered":"<p>Richard Laubonet Richard Laubonet de son vrai nom un coach [&hellip;]<\/p>\n","protected":false},"author":1,"featured_media":0,"parent":0,"menu_order":0,"comment_status":"closed","ping_status":"closed","template":"","meta":{"footnotes":""},"class_list":["post-54","page","type-page","status-publish","hentry"],"_links":{"self":[{"href":"https:\/\/www.moisdesnoirslanaudiere.org\/index.php\/wp-json\/wp\/v2\/pages\/54","targetHints":{"allow":["GET"]}}],"collection":[{"href":"https:\/\/www.moisdesnoirslanaudiere.org\/index.php\/wp-json\/wp\/v2\/pages"}],"about":[{"href":"https:\/\/www.moisdesnoirslanaudiere.org\/index.php\/wp-json\/wp\/v2\/types\/page"}],"author":[{"embeddable":true,"href":"https:\/\/www.moisdesnoirslanaudiere.org\/index.php\/wp-json\/wp\/v2\/users\/1"}],"replies":[{"embeddable":true,"href":"https:\/\/www.moisdesnoirslanaudiere.org\/index.php\/wp-json\/wp\/v2\/comments?post=54"}],"version-history":[{"count":4,"href":"https:\/\/www.moisdesnoirslanaudiere.org\/index.php\/wp-json\/wp\/v2\/pages\/54\/revisions"}],"predecessor-version":[{"id":271,"href":"https:\/\/www.moisdesnoirslanaudiere.org\/index.php\/wp-json\/wp\/v2\/pages\/54\/revisions\/271"}],"wp:attachment":[{"href":"https:\/\/www.moisdesnoirslanaudiere.org\/index.php\/wp-json\/wp\/v2\/media?parent=54"}],"curies":[{"name":"wp","href":"https:\/\/api.w.org\/{rel}","templated":true}]}}